{"id":6,"date":"2025-08-03T14:17:32","date_gmt":"2025-08-03T14:17:32","guid":{"rendered":"https:\/\/victoriasheadspa.com\/?page_id=6"},"modified":"2025-08-03T17:50:32","modified_gmt":"2025-08-03T17:50:32","slug":"policies","status":"publish","type":"page","link":"https:\/\/victoriasheadspa.com\/?page_id=6","title":{"rendered":"policies"},"content":{"rendered":"\t\t<div data-elementor-type=\"wp-post\" data-elementor-id=\"6\" class=\"elementor elementor-6\" data-elementor-post-type=\"page\">\n\t\t\t\t\t\t<section class=\"has_eae_slider elementor-section elementor-top-section elementor-element elementor-element-12a9accc0 elementor-section-height-min-height elementor-section-boxed elementor-section-height-default elementor-section-items-middle wpr-particle-no wpr-jarallax-no wpr-parallax-no wpr-sticky-section-no\" data-eae-slider=\"60214\" data-id=\"12a9accc0\" data-element_type=\"section\" data-settings=\"{&quot;background_background&quot;:&quot;classic&quot;}\">\n\t\t\t\t\t\t\t<div class=\"elementor-background-overlay\"><\/div>\n\t\t\t\t\t\t\t<div class=\"elementor-container elementor-column-gap-default\">\n\t\t\t\t\t<div class=\"has_eae_slider elementor-column elementor-col-100 elementor-top-column elementor-element elementor-element-581fdf47\" data-eae-slider=\"42145\" data-id=\"581fdf47\" data-element_type=\"column\">\n\t\t\t<div class=\"elementor-widget-wrap\">\n\t\t\t\t\t\t\t<\/div>\n\t\t<\/div>\n\t\t\t\t\t<\/div>\n\t\t<\/section>\n\t\t<div class=\"has_eae_slider elementor-element elementor-element-3abcd57 e-flex e-con-boxed wpr-particle-no wpr-jarallax-no wpr-parallax-no wpr-sticky-section-no e-con e-parent\" data-eae-slider=\"28200\" data-id=\"3abcd57\" data-element_type=\"container\">\n\t\t\t\t\t<div class=\"e-con-inner\">\n\t\t\t\t<div class=\"elementor-element elementor-element-cdb5cd3 elementor-widget elementor-widget-heading\" data-id=\"cdb5cd3\" data-element_type=\"widget\" data-widget_type=\"heading.default\">\n\t\t\t\t\t<h2 class=\"elementor-heading-title elementor-size-default\">Th\u00eam ti\u00eau \u0111\u1ec1 c\u1ee7a b\u1ea1n \u1edf \u0111\u00e2y<\/h2>\t\t\t\t<\/div>\n\t\t\t\t<div class=\"elementor-element elementor-element-7515c92 elementor-invisible elementor-widget elementor-widget-heading\" data-id=\"7515c92\" data-element_type=\"widget\" data-settings=\"{&quot;_animation&quot;:&quot;zoomIn&quot;}\" data-widget_type=\"heading.default\">\n\t\t\t\t\t<h2 class=\"elementor-heading-title elementor-size-default\">Terms and policies<br><\/h2>\t\t\t\t<\/div>\n\t\t\t\t<div class=\"elementor-element elementor-element-790d64a elementor-widget elementor-widget-text-editor\" data-id=\"790d64a\" data-element_type=\"widget\" data-widget_type=\"text-editor.default\">\n\t\t\t\t\t\t\t\t\t<ul><li style=\"list-style-type: none;\"><ul><li><strong>Services:<\/strong>\u00a0Unfortunately, for all spa services\u00a0we cannot accept any refund request, all services booked or completed services are final and non-refundable. You may be able to\u00a0exchange for another service of equal or less value\u00a0if requested to exchange\u00a0before 48 Hours of booked appointment. Services cannot be refunded because of concerns or expected results. We are committed to assisting our guest with all their concerns.<\/li><\/ul><\/li><\/ul><p>\u00a0<\/p><ul><li style=\"list-style-type: none;\"><ul><li><strong>Promotional or Special Offer Items:<\/strong>\u00a0On Sale and Special offers\u00a0items and services are non-refundable; any\u00a0deposit for booking services is also non-refundable.\u00a0Rescheduling of appointment can only be done\u00a0at least 48 hours\u00a0in advance.<\/li><\/ul><\/li><\/ul><p>\u00a0<\/p><ul><li style=\"list-style-type: none;\"><ul><li><strong>Gift cards, Gift Certificates and Packages:<\/strong>\u00a0We cannot refund on Gift Cards, Spa Gift Certificates, Spa Packages, On Sale or Special offers,\u00a0all sales are final and non-refundable.\u00a0Some services in Spa Gift Certificates or Spa Packages can be exchanged for other services.<\/li><\/ul><\/li><\/ul><p>\u00a0<\/p><ul><li style=\"list-style-type: none;\"><ul><li><strong>MEMBER CARD:<\/strong>\u00a0The Member card\u00a0cannot be used in conjunction with any other promotional discounts.\u00a0Cardholders can utilize the Member card to pay for services for themselves and one friend each visit, provided they are registered on the card.<\/li><\/ul><\/li><\/ul><p>\u00a0<\/p><ul><li style=\"list-style-type: none;\"><ul><li><strong>No Show \/ Same day Cancellation:<\/strong>\u00a0All\u00a0no-show appointments\u00a0and\u00a0same day\u00a0cancellations with deposit are non refundable\u00a0or a reschedule is required within\u00a048 hours<\/li><\/ul><\/li><\/ul><p>\u00a0<\/p><ul><li style=\"list-style-type: none;\"><ul><li><strong>We reserve the right to refuse service to any customer.<\/strong><\/li><\/ul><\/li><\/ul><p>\u00a0<\/p><ul><li><strong>If you are not satisfied with our services please let us know within 48 hours after the service. We will not be responsible for any problem after 48 hours.<\/strong><\/li><\/ul>\t\t\t\t\t\t\t\t<\/div>\n\t\t\t\t\t<\/div>\n\t\t\t\t<\/div>\n\t\t\t\t<\/div>\n\t\t","protected":false},"excerpt":{"rendered":"<p>Th\u00eam ti\u00eau \u0111\u1ec1 c\u1ee7a b\u1ea1n \u1edf \u0111\u00e2y Terms and policies Services:\u00a0Unfortunately, for all spa services\u00a0we cannot accept any refund request, all services booked or completed services are final and non-refundable. You may be able to\u00a0exchange for another service of equal or less value\u00a0if requested to exchange\u00a0before 48 Hours of booked appointment. Services cannot be refunded because of concerns or expected results. We are committed to assisting our guest with all their concerns. \u00a0 Promotional or Special Offer Items:\u00a0On Sale and Special offers\u00a0items and services are non-refundable; any\u00a0deposit for booking services is also non-refundable.\u00a0Rescheduling of appointment can only be done\u00a0at least 48 hours\u00a0in advance. \u00a0 Gift cards, Gift Certificates and Packages:\u00a0We cannot refund on Gift Cards, Spa Gift Certificates, Spa Packages, On Sale or Special offers,\u00a0all sales are final and non-refundable.\u00a0Some services in Spa Gift Certificates or Spa Packages can be exchanged for other services. \u00a0 MEMBER CARD:\u00a0The Member card\u00a0cannot be used in conjunction with any other promotional discounts.\u00a0Cardholders can utilize the Member card to pay for services for themselves and one friend each visit, provided they are registered on the card. \u00a0 No Show \/ Same day Cancellation:\u00a0All\u00a0no-show appointments\u00a0and\u00a0same day\u00a0cancellations with deposit are non refundable\u00a0or a reschedule is required within\u00a048 hours \u00a0 We reserve the right to refuse service to any customer. \u00a0 If you are not satisfied with our services please let us know within 48 hours after the service. We will not be responsible for any problem after 48 hours.<\/p>\n","protected":false},"author":1,"featured_media":0,"parent":0,"menu_order":0,"comment_status":"closed","ping_status":"closed","template":"","meta":{"footnotes":""},"class_list":["post-6","page","type-page","status-publish","hentry"],"_links":{"self":[{"href":"https:\/\/victoriasheadspa.com\/index.php?rest_route=\/wp\/v2\/pages\/6","targetHints":{"allow":["GET"]}}],"collection":[{"href":"https:\/\/victoriasheadspa.com\/index.php?rest_route=\/wp\/v2\/pages"}],"about":[{"href":"https:\/\/victoriasheadspa.com\/index.php?rest_route=\/wp\/v2\/types\/page"}],"author":[{"embeddable":true,"href":"https:\/\/victoriasheadspa.com\/index.php?rest_route=\/wp\/v2\/users\/1"}],"replies":[{"embeddable":true,"href":"https:\/\/victoriasheadspa.com\/index.php?rest_route=%2Fwp%2Fv2%2Fcomments&post=6"}],"version-history":[{"count":15,"href":"https:\/\/victoriasheadspa.com\/index.php?rest_route=\/wp\/v2\/pages\/6\/revisions"}],"predecessor-version":[{"id":365,"href":"https:\/\/victoriasheadspa.com\/index.php?rest_route=\/wp\/v2\/pages\/6\/revisions\/365"}],"wp:attachment":[{"href":"https:\/\/victoriasheadspa.com\/index.php?rest_route=%2Fwp%2Fv2%2Fmedia&parent=6"}],"curies":[{"name":"wp","href":"https:\/\/api.w.org\/{rel}","templated":true}]}}